{"id":741,"date":"2026-03-24T16:50:23","date_gmt":"2026-03-24T15:50:23","guid":{"rendered":"https:\/\/www.ykaina3dstudio.es\/shop\/?page_id=741"},"modified":"2026-03-24T16:57:18","modified_gmt":"2026-03-24T15:57:18","slug":"politica-de-privacidad","status":"publish","type":"page","link":"https:\/\/www.ykaina3dstudio.es\/shop\/politica-de-privacidad\/","title":{"rendered":"POL\u00cdTICA DE PRIVACIDAD"},"content":{"rendered":"\t\t<div data-elementor-type=\"wp-page\" data-elementor-id=\"741\" class=\"elementor elementor-741\">\n\t\t\t\t<div class=\"elementor-element elementor-element-92b45c9 e-flex e-con-boxed e-con e-parent\" data-id=\"92b45c9\" data-element_type=\"container\" data-e-type=\"container\">\n\t\t\t\t\t<div class=\"e-con-inner\">\n\t\t\t\t\t<\/div>\n\t\t\t\t<\/div>\n\t\t<div class=\"elementor-element elementor-element-7c0a3d5 e-flex e-con-boxed e-con e-parent\" data-id=\"7c0a3d5\" data-element_type=\"container\" data-e-type=\"container\">\n\t\t\t\t\t<div class=\"e-con-inner\">\n\t\t\t\t<div class=\"elementor-element elementor-element-383488c elementor-widget elementor-widget-heading\" data-id=\"383488c\" data-element_type=\"widget\" data-e-type=\"widget\" data-widget_type=\"heading.default\">\n\t\t\t\t\t<h2 class=\"elementor-heading-title elementor-size-default\">POL\u00cdTICA DE PRIVACIDAD<\/h2>\t\t\t\t<\/div>\n\t\t\t\t<div class=\"elementor-element elementor-element-2f3e70e elementor-widget elementor-widget-text-editor\" data-id=\"2f3e70e\" data-element_type=\"widget\" data-e-type=\"widget\" data-widget_type=\"text-editor.default\">\n\t\t\t\t\t\t\t\t\t<p>Responsable del tratamiento: POR LOS SUELOS ONLINE SOCIEDAD LIMITADA, CIF<br \/>B56454515, con domicilio en Barrio Manzaneda, 25, 33300 Villaviciosa (Asturias), Espa\u00f1a.<br \/>Finalidad del tratamiento: gesti\u00f3n de pedidos, atenci\u00f3n al cliente y comunicaciones relacionadas<br \/>con la compra.<br \/>Base legal: ejecuci\u00f3n del contrato de compraventa y consentimiento del interesado.<br \/>Conservaci\u00f3n de datos: durante el tiempo necesario para cumplir obligaciones legales y fiscales.<br \/>Destinatarios: proveedores de servicios de pago (PayPal, pasarelas bancarias) y servicios t\u00e9cnicos<br \/>necesarios.<br \/>Derechos: acceso, rectificaci\u00f3n, supresi\u00f3n, oposici\u00f3n, limitaci\u00f3n y portabilidad mediante solicitud a<br \/>info@porlossuelos.online.<br \/>Se adoptan medidas de seguridad t\u00e9cnicas y organizativas conforme al RGPD.<\/p>\t\t\t\t\t\t\t\t<\/div>\n\t\t\t\t\t<\/div>\n\t\t\t\t<\/div>\n\t\t\t\t<\/div>\n\t\t","protected":false},"excerpt":{"rendered":"<p>POL\u00cdTICA DE PRIVACIDAD Responsable del tratamiento: POR LOS SUELOS ONLINE SOCIEDAD LIMITADA, CIFB56454515, con domicilio en Barrio Manzaneda, 25, 33300 [&hellip;]<\/p>\n","protected":false},"author":1,"featured_media":0,"parent":0,"menu_order":0,"comment_status":"closed","ping_status":"closed","template":"","meta":{"site-sidebar-layout":"no-sidebar","site-content-layout":"","ast-site-content-layout":"full-width-container","site-content-style":"default","site-sidebar-style":"default","ast-global-header-display":"","ast-banner-title-visibility":"","ast-main-header-display":"","ast-hfb-above-header-display":"","ast-hfb-below-header-display":"","ast-hfb-mobile-header-display":"","site-post-title":"","ast-breadcrumbs-content":"","ast-featured-img":"disabled","footer-sml-layout":"","ast-disable-related-posts":"","theme-transparent-header-meta":"","adv-header-id-meta":"","stick-header-meta":"","header-above-stick-meta":"","header-main-stick-meta":"","header-below-stick-meta":"","astra-migrate-meta-layouts":"default","ast-page-background-enabled":"default","ast-page-background-meta":{"desktop":{"background-color":"var(--ast-global-color-5)","background-image":"","background-repeat":"repeat","background-position":"center center","background-size":"auto","background-attachment":"scroll","background-type":"","background-media":"","overlay-type":"","overlay-color":"","overlay-opacity":"","overlay-gradient":""},"tablet":{"background-color":"","background-image":"","background-repeat":"repeat","background-position":"center center","background-size":"auto","background-attachment":"scroll","background-type":"","background-media":"","overlay-type":"","overlay-color":"","overlay-opacity":"","overlay-gradient":""},"mobile":{"background-color":"","background-image":"","background-repeat":"repeat","background-position":"center center","background-size":"auto","background-attachment":"scroll","background-type":"","background-media":"","overlay-type":"","overlay-color":"","overlay-opacity":"","overlay-gradient":""}},"ast-content-background-meta":{"desktop":{"background-color":"var(--ast-global-color-4)","background-image":"","background-repeat":"repeat","background-position":"center center","background-size":"auto","background-attachment":"scroll","background-type":"","background-media":"","overlay-type":"","overlay-color":"","overlay-opacity":"","overlay-gradient":""},"tablet":{"background-color":"var(--ast-global-color-4)","background-image":"","background-repeat":"repeat","background-position":"center center","background-size":"auto","background-attachment":"scroll","background-type":"","background-media":"","overlay-type":"","overlay-color":"","overlay-opacity":"","overlay-gradient":""},"mobile":{"background-color":"var(--ast-global-color-4)","background-image":"","background-repeat":"repeat","background-position":"center center","background-size":"auto","background-attachment":"scroll","background-type":"","background-media":"","overlay-type":"","overlay-color":"","overlay-opacity":"","overlay-gradient":""}},"footnotes":""},"class_list":["post-741","page","type-page","status-publish","hentry"],"_links":{"self":[{"href":"https:\/\/www.ykaina3dstudio.es\/shop\/wp-json\/wp\/v2\/pages\/741","targetHints":{"allow":["GET"]}}],"collection":[{"href":"https:\/\/www.ykaina3dstudio.es\/shop\/wp-json\/wp\/v2\/pages"}],"about":[{"href":"https:\/\/www.ykaina3dstudio.es\/shop\/wp-json\/wp\/v2\/types\/page"}],"author":[{"embeddable":true,"href":"https:\/\/www.ykaina3dstudio.es\/shop\/wp-json\/wp\/v2\/users\/1"}],"replies":[{"embeddable":true,"href":"https:\/\/www.ykaina3dstudio.es\/shop\/wp-json\/wp\/v2\/comments?post=741"}],"version-history":[{"count":7,"href":"https:\/\/www.ykaina3dstudio.es\/shop\/wp-json\/wp\/v2\/pages\/741\/revisions"}],"predecessor-version":[{"id":760,"href":"https:\/\/www.ykaina3dstudio.es\/shop\/wp-json\/wp\/v2\/pages\/741\/revisions\/760"}],"wp:attachment":[{"href":"https:\/\/www.ykaina3dstudio.es\/shop\/wp-json\/wp\/v2\/media?parent=741"}],"curies":[{"name":"wp","href":"https:\/\/api.w.org\/{rel}","templated":true}]}}